= -h*b, 2*b = -2*z + 22. Let u = 56 + -25. What is the remainder when u is divided by z?
15
Let m(r) = 2*r**3 + 5*r - 11. Suppose -17 = -15*w + 13. Calculate the remainder when 123*(0 - 2/(-6)) is divided by m(w).
11
Suppose -2*f + 2*t = -686, 812 = -4*f - t + 2179. Suppose 4*a = -5*a + f. Calculate the remainder when a is divided by 7.
3
What is the remainder when (-9 - 768/20)*-5 is divided by 50?
37
Let t = 3514 - 3498. What is the remainder when 1917 is divided by t?
13
Let i be (-264)/(-42) - (-2)/(-7). Let q(a) be the first derivative of a**3/3 - a**2/2 + 3*a - 95. Calculate the remainder when 94 is divided by q(i).
28
Suppose -22*x + 20*x = -8. Suppose -x*h + 2 - 84 = -v, 4*v - 3*h = 328. Calculate the remainder when v is divided by 21.
19
Let t(y) = 27505*y - 192150. Calculate the remainder when t(7) is divided by 2/4 + (-77)/(-2).
34
Suppose -259370 = -115*j + 181296 - 49436. Calculate the remainder when j is divided by 83.
82
Calculate the remainder when 240 is divided by (-4362)/(-39) + 1540/(-130) + 12.
16
Let f = -8 + 32. Suppose 2*i = -4*t + f + 74, 4*i - 5*t = 261. Suppose -54*q + 50*q - 43 = -3*v, -20 = -4*q. What is the remainder when i is divided by v?
17
Let n = 64 + -32. Suppose 0 = 329*b - 305*b - 1296. Calculate the remainder when b is divided by n.
22
Suppose -672*g = -677*g + 140. Suppose 72 = g*l - 24*l. Calculate the remainder when 249 is divided by l.
15
Let m(o) = 28 - 46 + 29 - 12*o - 2*o**3 + 13*o**2 + o**3. Let z be m(8). Suppose -11*r + 1588 = z. What is the remainder when r is divided by 42?
39
Let m(v) = -323*v + 1978. Calculate the remainder when 494 is divided by m(6).
14
Suppose 24*o + o + 17325 = 0. What is the remainder when 13 is divided by (-627)/o + 2/21?
0
Let k be 15/10*1392/(-36). Let c = k - -76. What is the remainder when 22 is divided by c?
4
Let n = -66 - -75. Suppose p + 32 = 3*g, -p - 19 = -2*g + 2*p. Suppose -i + 27 = g. Calculate the remainder when i is divided by n.
7
Let c be (-6)/33 - (-7431)/33. Let a = c + -186. Calculate the remainder when 233 is divided by a.
38
Let n = 3609 + -3597. What is the remainder when 368 is divided by n?
8
Let c = 4829 - -11108. What is the remainder when c is divided by 10?
7
Suppose -o - l + 85 = 0, 0 = o + 2*l - 116 + 35. What is the remainder when 311 is divided by o?
44
Let q = -2723 + 3926. Calculate the remainder when q is divided by 97.
39
Let o = -9088 + 9726. Calculate the remainder when o is divided by 20.
18
Suppose -61*s + 31317 = -28*s. Calculate the remainder when s is divided by (-2 + 5)*(-68)/(-3).
65
Suppose -62*g = -65*g + 21. Suppose -84 = -g*l + 21. What is the remainder when 59 is divided by l?
14
Let w = 976 + -929. Suppose 5*y + 4*j + 0*j - 15 = 0, -5*j = 0. Suppose y*o - 67 = -13. What is the remainder when w is divided by o?
11
Let v = 6631 - 6621. What is the remainder when 447 is divided by v?
7
Let r = -315 - -326. Suppose -r*v + 720 = 7*v. Calculate the remainder when 94 is divided by v.
14
Let i be -3*28/(-8)*44/3. Let c = -81 + i. Suppose -5*b - 4*v + 49 = 0, 3*b + 18 = 4*v + c. Calculate the remainder when 61 is divided by b.
9
Suppose q - 5*u + 1681 = 1697, 0 = -5*q + 3*u + 80. Let k = -1 - -45. What is the remainder when k is divided by q?
12
Let j(l) = l**3 - 47*l + 146. What is the remainder when (-2)/(2/(-189)) + -4 is divided by j(3)?
25
Let t be ((5 - -8) + -10)*(-37)/(-3). Suppose -47 = -11*s + 10*s + 3*b, s + 2*b - t = 0. Calculate the remainder when 449 is divided by s.
39
Let k(z) = 181*z + 1560. What is the remainder when 3018 is divided by k(-8)?
106
Let m(c) = c - 13. Let g be m(13). Suppose 5*s + 0*s - 195 = g. Let z(w) = -5*w**2 - 244*w - 119. Calculate the remainder when z(-48) is divided by s.
34
Let k be 24/(-56) + (-1075)/7. Let w = 169 + k. What is the remainder when 32 is divided by w?
2
Let a = 843 + -298. Suppose 0 = 129*d - 124*d - a. Calculate the remainder when d is divided by 14.
11
Suppose -47 = -37*q - 0*q + 1363 + 773. Let j = -110 + 312. Calculate the remainder when j is divided by q.
25
Let b be (-398)/(-11) + (-2)/11. Suppose -12 + b = 2*j. Suppose -j*i = -9*i - 141. What is the remainder when i is divided by 12?
11
Suppose -192 = -2*d + w + 67, -3*w - 15 = 0. Let j = d + -110. What is the remainder when j is divided by 3?
2
Let u(m) = 1 - 3*m**2 - 136*m - 8 + 137*m + m**3 - 20*m**2. What is the remainder when 24 is divided by u(23)?
8
Let k be 21/(-7)*2/(-3). Let l be ((-576)/(-512))/((-3)/(-16)). Suppose 0 = k*r - l*r + 8. What is the remainder when 2 is divided by r?
0
Let u = 118 - 107. Suppose -u*g + 0*g + 836 = 0. Calculate the remainder when g is divided by 31.
14
Let j(u) = -33*u - 255. What is the remainder when j(-39) is divided by 22?
20
Let v(l) = -l**2 - 28*l - 129. Let u be -7 - (3 + -5) - 0. Calculate the remainder when v(-10) is divided by (-356)/(-20) + (-1)/u.
15
Suppose 321 + 1479 = 24*p. Let d(z) = -3*z + 36. Let w be d(15). Let x(h) = -6*h - 15. What is the remainder when p is divided by x(w)?
36
Let c = -672 + 634. Suppose 4*q - 180 = 2*s, 3*s + 9 + 263 = 5*q. Calculate the remainder when 7 is divided by c/171 - s/18.
2
Let r = -30780 + 30784. Calculate the remainder when 1325 is divided by r.
1
Suppose 3*a - 2*i + 335 = 0, 0 = -3*a - 4*i - 340 - 25. Let p = 151 + a. Calculate the remainder when 105 is divided by p.
33
Let h = 192 + 183. Suppose 0 = -d - 4*d + h. Calculate the remainder when d is divided by 19.
18
Let p be (-5)/5*(0 + -116*2). Suppose -6*h + 4*h + 168 = -2*k, -3*h - k + p = 0. What is the remainder when h is divided by 9?
7
Suppose 8*k + 7*k + 195 = 0. Let g = k - -22. What is the remainder when 154/6 - 4/6 is divided by g?
7
Suppose a + 4*a - 35 = 2*n, -2*a = 3*n - 14. Suppose 0 = 45*g - 32*g + 13. Calculate the remainder when 50 - a - 3*1/g is divided by 13.
7
Let j be 4*-8 + 6*5/15. Let o = 217 + j. What is the remainder when o is divided by 19?
16
Let k(b) = b**2 - 1062. Calculate the remainder when k(35) is divided by 34.
27
Suppose -l + 5 = 0, 7*l = -3*g + 4*l + 2103. Suppose 0 = 11*f + 18*f - g. What is the remainder when 118 is divided by f?
22
Let x(f) = -72*f + 16. Let n(b) = -24*b + 5. Let d(u) = -7*n(u) + 2*x(u). What is the remainder when d(7) is divided by 502/8 - (-33051)/(-5748)?
51
Suppose -5*r = 439 + 276. Let q = -134 - r. Calculate the remainder when q is divided by 2.
1
Suppose 0 = -4*g + g + 6. Suppose 0 = n - 22 + g. Suppose -2*q = 3*q - n. Calculate the remainder when 7 is divided by q.
3
Suppose -155*x + 15210 = 183*x. Let r = 8 + 15. Calculate the remainder when x is divided by r.
22
Let a(c) = c**2 - 2*c + 12. Suppose -3*u + 4*g = -19, 2*u + 5*g - g = 46. Let w be 2/(-4) + (429/6)/u. Calculate the remainder when 51 is divided by a(w).
24
Let j = -3410 - -3847. Calculate the remainder when j is divided by 211.
15
Suppose 126 = 7*j + 196. What is the remainder when 62 is divided by (-6)/j - ((-374)/10 - -4)?
28
Suppose 0 = -3*z + u + 9627, 4*z + 3*u = 2*u + 12836. Suppose 32*c + 361 - z = 0. What is the remainder when c is divided by 12?
5
Let s(u) = -u**2 - 74*u - 1302. Calculate the remainder when 343 is divided by s(-31).
2
Suppose -9*c = 3*f - 4*c - 5577, 2*f - 3720 = -3*c. What is the remainder when f is divided by 110?
109
Suppose 0*c = 3*c - 129. Suppose -3*i + 87 = -4*a - 25, 0 = -5*i - 5*a + 210. Let r = c - i. Calculate the remainder when 20 is divided by r.
2
Calculate the remainder when 302 is divided by 426/12*33/6*4/11.
18
Let d(n) = 3*n**2 - n. Let f be d(1). Calculate the remainder when f - -58 - (-3 + 6) is divided by 28.
1
Suppose 2*o + 4 = -0, -4*o = -c + 39. Suppose -4*k + 36 = -4*u, -k - 2*k = -5*u - c. Calculate the remainder when k is divided by 3.
1
Let t = -101 + -6. Suppose -4*v + 5*y - 234 = -6*v, -5*y = -3*v + 351. Let s = v + t. What is the remainder when 27 is divided by s?
7
Let h(s) = 7 - s**2 + 15 + 11. Suppose 5 = z - 0*z. Calculate the remainder when h(-5) is divided by z.
3
Suppose 8*m - 323 = 61. Let z(d) = d + 11. What is the remainder when m is divided by z(-6)?
3
Let o = -19 - -33. Suppose 0 = -7*j + 35 + o. What is the remainder when (-546)/(-10) + 4/10 is divided by j?
6
Let y be (-34)/14 + 68/(-119). Let r(x) = -5*x**3 - 3*x**2 + 2*x - 4. Calculate the remainder when r(y) is divided